192.178.4.100 - - [06/Dec/2025:03:37:47 +0000] "GET /detail/642920151 HTTP/1.1" 200 24555 "-" "Mozilla/5.0 (Linux; Android 6.0.1; Nexus 5X Build/MMB29P) AppleWebKit/537.36 (KHTML, like Gecko) Chrome/141.0.7390.122 Mobile Safari/537.36 (compatible; GoogleOther)"
192.178.4.100 - - [06/Dec/2025:03:27:25 +0000] "GET /detail/625559907 HTTP/1.1" 200 24181 "-" "Mozilla/5.0 (Linux; Android 6.0.1; Nexus 5X Build/MMB29P) AppleWebKit/537.36 (KHTML, like Gecko) Chrome/141.0.7390.122 Mobile Safari/537.36 (compatible; Googlebot/2.1; +http://www.google.com/bot.html)"
192.178.4.100 - - [06/Dec/2025:03:27:29 +0000] "GET /detail/643034871 HTTP/1.1" 200 24322 "-" "Mozilla/5.0 (Linux; Android 6.0.1; Nexus 5X Build/MMB29P) AppleWebKit/537.36 (KHTML, like Gecko) Chrome/141.0.7390.122 Mobile Safari/537.36 (compatible; Googlebot/2.1; +http://www.google.com/bot.html)"
192.178.4.100 - - [06/Dec/2025:03:29:11 +0000] "GET /detail/646713039 HTTP/1.1" 200 24095 "-" "Mozilla/5.0 (Linux; Android 6.0.1; Nexus 5X Build/MMB29P) AppleWebKit/537.36 (KHTML, like Gecko) Chrome/141.0.7390.122 Mobile Safari/537.36 (compatible; Googlebot/2.1; +http://www.google.com/bot.html)"
192.178.4.100 - - [06/Dec/2025:03:29:15 +0000] "GET /detail/639933207 HTTP/1.1" 200 24907 "-" "Mozilla/5.0 (Linux; Android 6.0.1; Nexus 5X Build/MMB29P) AppleWebKit/537.36 (KHTML, like Gecko) Chrome/141.0.7390.122 Mobile Safari/537.36 (compatible; Googlebot/2.1; +http://www.google.com/bot.html)"
192.178.4.100 - - [06/Dec/2025:03:29:23 +0000] "GET /detail/646215795 HTTP/1.1" 200 24164 "-" "Mozilla/5.0 (Linux; Android 6.0.1; Nexus 5X Build/MMB29P) AppleWebKit/537.36 (KHTML, like Gecko) Chrome/141.0.7390.122 Mobile Safari/537.36 (compatible; Googlebot/2.1; +http://www.google.com/bot.html)"
192.178.4.100 - - [06/Dec/2025:03:29:35 +0000] "GET /detail/622115307 HTTP/1.1" 200 24292 "-" "Mozilla/5.0 (Linux; Android 6.0.1; Nexus 5X Build/MMB29P) AppleWebKit/537.36 (KHTML, like Gecko) Chrome/141.0.7390.122 Mobile Safari/537.36 (compatible; Googlebot/2.1; +http://www.google.com/bot.html)"
192.178.4.101 - - [06/Dec/2025:03:30:12 +0000] "GET /detail/646716735 HTTP/1.1" 200 24265 "-" "Mozilla/5.0 (Linux; Android 6.0.1; Nexus 5X Build/MMB29P) AppleWebKit/537.36 (KHTML, like Gecko) Chrome/141.0.7390.122 Mobile Safari/537.36 (compatible; GoogleOther)"
192.178.4.101 - - [06/Dec/2025:03:45:34 +0000] "GET /detail/633315963 HTTP/1.1" 200 24886 "-" "Mozilla/5.0 (Linux; Android 6.0.1; Nexus 5X Build/MMB29P) AppleWebKit/537.36 (KHTML, like Gecko) Chrome/141.0.7390.122 Mobile Safari/537.36 (compatible; Googlebot/2.1; +http://www.google.com/bot.html)"
216.73.216.140 - - [06/Dec/2025:03:47:53 +0000] "GET /robots.txt HTTP/2" 200 26 "-" "Mozilla/5.0 AppleWebKit/537.36 (KHTML, like Gecko; compatible; ClaudeBot/1.0; +claudebot@anthropic.com)"
192.178.4.102 - - [06/Dec/2025:03:49:21 +0000] "GET /detail/648998115 HTTP/1.1" 200 24598 "-" "Mozilla/5.0 (Linux; Android 6.0.1; Nexus 5X Build/MMB29P) AppleWebKit/537.36 (KHTML, like Gecko) Chrome/141.0.7390.122 Mobile Safari/537.36 (compatible; Googlebot/2.1; +http://www.google.com/bot.html)"
192.178.4.100 - - [06/Dec/2025:03:50:39 +0000] "GET /detail/617758251 HTTP/1.1" 200 24790 "-" "Mozilla/5.0 (Linux; Android 6.0.1; Nexus 5X Build/MMB29P) AppleWebKit/537.36 (KHTML, like Gecko) Chrome/141.0.7390.122 Mobile Safari/537.36 (compatible; GoogleOther)"
4.194.87.87 - - [06/Dec/2025:03:52:28 +0000] "GET /wp-admin/network/index.php HTTP/1.1" 302 0 "https://duckduckgo.com/" "Mozilla/5.0 (iPad; CPU OS 17_0_3 like Mac OS X) AppleWebKit/605.1.15 (KHTML, like Gecko) Version/17.0.1 Mobile/15E148 Safari/604.1"
4.194.87.87 - - [06/Dec/2025:03:52:29 +0000] "GET /wp-login.php?redirect_to=https%3A%2F%2Fdevfahim.site%2Fwp-admin%2Fnetwork%2Findex.php&reauth=1 HTTP/1.1" 200 8893 "https://duckduckgo.com/" "Mozilla/5.0 (iPad; CPU OS 17_0_3 like Mac OS X) AppleWebKit/605.1.15 (KHTML, like Gecko) Version/17.0.1 Mobile/15E148 Safari/604.1"
192.178.4.101 - - [06/Dec/2025:03:54:37 +0000] "GET /detail/625006107 HTTP/1.1" 200 25268 "-" "Mozilla/5.0 (Linux; Android 6.0.1; Nexus 5X Build/MMB29P) AppleWebKit/537.36 (KHTML, like Gecko) Chrome/141.0.7390.122 Mobile Safari/537.36 (compatible; GoogleOther)"
4.194.87.87 - - [06/Dec/2025:03:55:04 +0000] "GET /wp-admin/ HTTP/1.1" 302 0 "https://www.google.com/" "Mozilla/5.0 (Linux; Android 12; V2134) AppleWebKit/537.36 (KHTML, like Gecko) Chrome/116.0.0.0 Mobile Safari/537.36"
4.194.87.87 - - [06/Dec/2025:03:55:05 +0000] "GET /wp-login.php?redirect_to=https%3A%2F%2Fdevfahim.site%2Fwp-admin%2F&reauth=1 HTTP/1.1" 200 8774 "https://www.google.com/" "Mozilla/5.0 (Linux; Android 12; V2134) AppleWebKit/537.36 (KHTML, like Gecko) Chrome/116.0.0.0 Mobile Safari/537.36"
192.178.4.100 - - [06/Dec/2025:03:55:20 +0000] "GET /detail/640236051 HTTP/1.1" 200 23703 "-" "Mozilla/5.0 (Linux; Android 6.0.1; Nexus 5X Build/MMB29P) AppleWebKit/537.36 (KHTML, like Gecko) Chrome/141.0.7390.122 Mobile Safari/537.36 (compatible; GoogleOther)"
192.178.4.102 - - [06/Dec/2025:03:44:53 +0000] "GET /detail/650347035 HTTP/1.1" 200 24139 "-" "Mozilla/5.0 (Linux; Android 6.0.1; Nexus 5X Build/MMB29P) AppleWebKit/537.36 (KHTML, like Gecko) Chrome/141.0.7390.122 Mobile Safari/537.36 (compatible; GoogleOther)"
192.178.4.100 - - [06/Dec/2025:03:46:09 +0000] "GET /detail/636642843 HTTP/1.1" 200 23977 "-" "Mozilla/5.0 (Linux; Android 6.0.1; Nexus 5X Build/MMB29P) AppleWebKit/537.36 (KHTML, like Gecko) Chrome/141.0.7390.122 Mobile Safari/537.36 (compatible; GoogleOther)"
216.73.216.140 - - [06/Dec/2025:03:47:16 +0000] "GET /robots.txt HTTP/2" 200 26 "-" "Mozilla/5.0 AppleWebKit/537.36 (KHTML, like Gecko; compatible; ClaudeBot/1.0; +claudebot@anthropic.com)"
4.194.87.87 - - [06/Dec/2025:03:51:57 +0000] "GET /wp-admin/network/admin.php HTTP/1.1" 302 0 "https://www.google.fr/" "Mozilla/5.0 (Linux; Android 12; V2134) AppleWebKit/537.36 (KHTML, like Gecko) Chrome/116.0.0.0 Mobile Safari/537.36"
4.194.87.87 - - [06/Dec/2025:03:52:02 +0000] "GET /wp-login.php?redirect_to=https%3A%2F%2Fdevfahim.site%2Fwp-admin%2Fnetwork%2Fadmin.php&reauth=1 HTTP/1.1" 200 8969 "https://www.google.fr/" "Mozilla/5.0 (Linux; Android 12; V2134) AppleWebKit/537.36 (KHTML, like Gecko) Chrome/116.0.0.0 Mobile Safari/537.36"
192.178.4.101 - - [06/Dec/2025:03:53:29 +0000] "GET /detail/622452939 HTTP/1.1" 200 24780 "-" "Mozilla/5.0 (Linux; Android 6.0.1; Nexus 5X Build/MMB29P) AppleWebKit/537.36 (KHTML, like Gecko) Chrome/141.0.7390.122 Mobile Safari/537.36 (compatible; Googlebot/2.1; +http://www.google.com/bot.html)"
4.194.87.87 - - [06/Dec/2025:03:56:17 +0000] "GET /wp-admin/network/ HTTP/1.1" 302 0 "https://www.google.de/" "Mozilla/5.0 (Linux; Android 12; SM-A525F) AppleWebKit/537.36 (KHTML, like Gecko) Chrome/117.0.0.0 Mobile Safari/537.36"
4.194.87.87 - - [06/Dec/2025:03:56:18 +0000] "GET /wp-login.php?redirect_to=https%3A%2F%2Fdevfahim.site%2Fwp-admin%2Fnetwork%2F&reauth=1 HTTP/1.1" 200 9192 "https://www.google.de/" "Mozilla/5.0 (Linux; Android 12; SM-A525F) AppleWebKit/537.36 (KHTML, like Gecko) Chrome/117.0.0.0 Mobile Safari/537.36"
192.178.4.100 - - [06/Dec/2025:03:56:15 +0000] "GET /detail/629856783 HTTP/1.1" 200 24645 "-" "Mozilla/5.0 (Linux; Android 6.0.1; Nexus 5X Build/MMB29P) AppleWebKit/537.36 (KHTML, like Gecko) Chrome/141.0.7390.122 Mobile Safari/537.36 (compatible; GoogleOther)"
4.194.87.87 - - [06/Dec/2025:03:56:32 +0000] "GET /wp-admin/user/ HTTP/1.1" 302 0 "https://www.google.com/" "Mozilla/5.0 (iPhone; CPU iPhone OS 16_0 like Mac OS X) AppleWebKit/605.1.15 (KHTML, like Gecko) FxiOS/118.0 Mobile/15E148 Safari/605.1.15"
4.194.87.87 - - [06/Dec/2025:03:56:32 +0000] "GET /wp-login.php?redirect_to=https%3A%2F%2Fdevfahim.site%2Fwp-admin%2Fuser%2F&reauth=1 HTTP/1.1" 200 9221 "https://www.google.com/" "Mozilla/5.0 (iPhone; CPU iPhone OS 16_0 like Mac OS X) AppleWebKit/605.1.15 (KHTML, like Gecko) FxiOS/118.0 Mobile/15E148 Safari/605.1.15"
192.178.4.102 - - [06/Dec/2025:03:57:16 +0000] "GET /detail/643769223 HTTP/1.1" 200 23593 "-" "Mozilla/5.0 (Linux; Android 6.0.1; Nexus 5X Build/MMB29P) AppleWebKit/537.36 (KHTML, like Gecko) Chrome/141.0.7390.122 Mobile Safari/537.36 (compatible; GoogleOther)"
192.178.4.102 - - [06/Dec/2025:04:06:01 +0000] "GET /detail/643735323 HTTP/1.1" 200 24693 "-" "Mozilla/5.0 (Linux; Android 6.0.1; Nexus 5X Build/MMB29P) AppleWebKit/537.36 (KHTML, like Gecko) Chrome/141.0.7390.122 Mobile Safari/537.36 (compatible; Googlebot/2.1; +http://www.google.com/bot.html)"
192.178.4.102 - - [06/Dec/2025:04:07:05 +0000] "GET /detail/647059275 HTTP/1.1" 200 24138 "-" "Mozilla/5.0 (Linux; Android 6.0.1; Nexus 5X Build/MMB29P) AppleWebKit/537.36 (KHTML, like Gecko) Chrome/141.0.7390.122 Mobile Safari/537.36 (compatible; Googlebot/2.1; +http://www.google.com/bot.html)"
192.178.4.101 - - [06/Dec/2025:04:11:07 +0000] "GET /detail/646786695 HTTP/1.1" 200 24660 "-" "Mozilla/5.0 (Linux; Android 6.0.1; Nexus 5X Build/MMB29P) AppleWebKit/537.36 (KHTML, like Gecko) Chrome/141.0.7390.122 Mobile Safari/537.36 (compatible; GoogleOther)"
192.178.4.100 - - [06/Dec/2025:04:12:34 +0000] "GET /detail/642225651 HTTP/1.1" 200 24108 "-" "Mozilla/5.0 (Linux; Android 6.0.1; Nexus 5X Build/MMB29P) AppleWebKit/537.36 (KHTML, like Gecko) Chrome/141.0.7390.122 Mobile Safari/537.36 (compatible; Googlebot/2.1; +http://www.google.com/bot.html)"
192.178.4.101 - - [06/Dec/2025:04:00:29 +0000] "GET /detail/633071187 HTTP/1.1" 200 25245 "-" "Mozilla/5.0 (Linux; Android 6.0.1; Nexus 5X Build/MMB29P) AppleWebKit/537.36 (KHTML, like Gecko) Chrome/141.0.7390.122 Mobile Safari/537.36 (compatible; GoogleOther)"
192.178.4.102 - - [06/Dec/2025:04:04:22 +0000] "GET /detail/618112311 HTTP/1.1" 200 23548 "-" "Mozilla/5.0 (Linux; Android 6.0.1; Nexus 5X Build/MMB29P) AppleWebKit/537.36 (KHTML, like Gecko) Chrome/141.0.7390.122 Mobile Safari/537.36 (compatible; GoogleOther)"
192.178.4.102 - - [06/Dec/2025:04:15:03 +0000] "GET /detail/647510451 HTTP/1.1" 200 24180 "-" "Mozilla/5.0 (Linux; Android 6.0.1; Nexus 5X Build/MMB29P) AppleWebKit/537.36 (KHTML, like Gecko) Chrome/141.0.7390.122 Mobile Safari/537.36 (compatible; GoogleOther)"
192.178.4.101 - - [06/Dec/2025:04:15:36 +0000] "GET /detail/642662607 HTTP/1.1" 200 25431 "-" "Mozilla/5.0 (Linux; Android 6.0.1; Nexus 5X Build/MMB29P) AppleWebKit/537.36 (KHTML, like Gecko) Chrome/141.0.7390.122 Mobile Safari/537.36 (compatible; Googlebot/2.1; +http://www.google.com/bot.html)"
192.178.4.100 - - [06/Dec/2025:04:15:40 +0000] "GET /detail/643221279 HTTP/1.1" 200 24125 "-" "Mozilla/5.0 (Linux; Android 6.0.1; Nexus 5X Build/MMB29P) AppleWebKit/537.36 (KHTML, like Gecko) Chrome/141.0.7390.122 Mobile Safari/537.36 (compatible; Googlebot/2.1; +http://www.google.com/bot.html)"
192.178.4.100 - - [06/Dec/2025:04:16:11 +0000] "GET /detail/623455359 HTTP/1.1" 200 24273 "-" "Mozilla/5.0 (Linux; Android 6.0.1; Nexus 5X Build/MMB29P) AppleWebKit/537.36 (KHTML, like Gecko) Chrome/141.0.7390.122 Mobile Safari/537.36 (compatible; Googlebot/2.1; +http://www.google.com/bot.html)"
192.178.4.100 - - [06/Dec/2025:04:16:22 +0000] "GET /detail/621353679 HTTP/1.1" 200 24833 "-" "Mozilla/5.0 (Linux; Android 6.0.1; Nexus 5X Build/MMB29P) AppleWebKit/537.36 (KHTML, like Gecko) Chrome/141.0.7390.122 Mobile Safari/537.36 (compatible; GoogleOther)"
192.178.4.100 - - [06/Dec/2025:04:16:32 +0000] "GET /detail/637153683 HTTP/1.1" 200 24039 "-" "Mozilla/5.0 (Linux; Android 6.0.1; Nexus 5X Build/MMB29P) AppleWebKit/537.36 (KHTML, like Gecko) Chrome/141.0.7390.122 Mobile Safari/537.36 (compatible; Googlebot/2.1; +http://www.google.com/bot.html)"
192.178.4.100 - - [06/Dec/2025:04:16:36 +0000] "GET /detail/638677011 HTTP/1.1" 200 24145 "-" "Mozilla/5.0 (Linux; Android 6.0.1; Nexus 5X Build/MMB29P) AppleWebKit/537.36 (KHTML, like Gecko) Chrome/141.0.7390.122 Mobile Safari/537.36 (compatible; Googlebot/2.1; +http://www.google.com/bot.html)"
192.178.4.100 - - [06/Dec/2025:04:16:48 +0000] "GET /detail/635774163 HTTP/1.1" 200 24292 "-" "Mozilla/5.0 (Linux; Android 6.0.1; Nexus 5X Build/MMB29P) AppleWebKit/537.36 (KHTML, like Gecko) Chrome/141.0.7390.122 Mobile Safari/537.36 (compatible; Googlebot/2.1; +http://www.google.com/bot.html)"
192.178.4.101 - - [06/Dec/2025:04:17:15 +0000] "GET /detail/637249827 HTTP/1.1" 200 24031 "-" "Mozilla/5.0 (Linux; Android 6.0.1; Nexus 5X Build/MMB29P) AppleWebKit/537.36 (KHTML, like Gecko) Chrome/141.0.7390.122 Mobile Safari/537.36 (compatible; Googlebot/2.1; +http://www.google.com/bot.html)"
162.120.184.16 - - [06/Dec/2025:04:17:21 +0000] "GET /detail/633875631 HTTP/2" 200 5 "https://www.google.com/" "Mozilla/5.0 (Windows NT 10.0; Win64; x64) AppleWebKit/537.36 (KHTML, like Gecko) Chrome/142.0.0.0 Safari/537.36"
66.249.82.70 - - [06/Dec/2025:04:17:21 +0000] "GET /.well-known/traffic-advice HTTP/1.1" 200 16397 "-" "Chrome Privacy Preserving Prefetch Proxy"
106.73.19.160 - - [06/Dec/2025:04:17:23 +0000] "GET /favicon.ico HTTP/2" 404 1251 "https://devfahim.site/detail/633875631" "Mozilla/5.0 (Windows NT 10.0; Win64; x64) AppleWebKit/537.36 (KHTML, like Gecko) Chrome/142.0.0.0 Safari/537.36"
192.178.4.100 - - [06/Dec/2025:04:21:49 +0000] "GET /detail/631438335 HTTP/1.1" 200 24406 "-" "Mozilla/5.0 (Linux; Android 6.0.1; Nexus 5X Build/MMB29P) AppleWebKit/537.36 (KHTML, like Gecko) Chrome/141.0.7390.122 Mobile Safari/537.36 (compatible; Googlebot/2.1; +http://www.google.com/bot.html)"
192.178.4.100 - - [06/Dec/2025:04:22:17 +0000] "GET /detail/640786587 HTTP/1.1" 200 24172 "-" "Mozilla/5.0 (Linux; Android 6.0.1; Nexus 5X Build/MMB29P) AppleWebKit/537.36 (KHTML, like Gecko) Chrome/141.0.7390.122 Mobile Safari/537.36 (compatible; Googlebot/2.1; +http://www.google.com/bot.html)"
192.178.4.100 - - [06/Dec/2025:04:15:51 +0000] "GET /detail/624572691 HTTP/1.1" 200 24647 "-" "Mozilla/5.0 (Linux; Android 6.0.1; Nexus 5X Build/MMB29P) AppleWebKit/537.36 (KHTML, like Gecko) Chrome/141.0.7390.122 Mobile Safari/537.36 (compatible; Googlebot/2.1; +http://www.google.com/bot.html)"
192.178.4.100 - - [06/Dec/2025:04:15:55 +0000] "GET /detail/632174259 HTTP/1.1" 200 24280 "-" "Mozilla/5.0 (Linux; Android 6.0.1; Nexus 5X Build/MMB29P) AppleWebKit/537.36 (KHTML, like Gecko) Chrome/141.0.7390.122 Mobile Safari/537.36 (compatible; Googlebot/2.1; +http://www.google.com/bot.html)"
192.178.4.101 - - [06/Dec/2025:04:16:06 +0000] "GET /detail/636231087 HTTP/1.1" 200 24359 "-" "Mozilla/5.0 (Linux; Android 6.0.1; Nexus 5X Build/MMB29P) AppleWebKit/537.36 (KHTML, like Gecko) Chrome/141.0.7390.122 Mobile Safari/537.36 (compatible; Googlebot/2.1; +http://www.google.com/bot.html)"
192.178.4.102 - - [06/Dec/2025:04:17:10 +0000] "GET /detail/631060155 HTTP/1.1" 200 24175 "-" "Mozilla/5.0 (Linux; Android 6.0.1; Nexus 5X Build/MMB29P) AppleWebKit/537.36 (KHTML, like Gecko) Chrome/141.0.7390.122 Mobile Safari/537.36 (compatible; Googlebot/2.1; +http://www.google.com/bot.html)"
106.73.19.160 - - [06/Dec/2025:04:17:36 +0000] "GET /detail/633875631 HTTP/1.1" 200 5 "https://www.google.com/" "Mozilla/5.0 (Windows NT 10.0; Win64; x64) AppleWebKit/537.36 (KHTML, like Gecko) Chrome/142.0.0.0 Safari/537.36"
192.178.4.100 - - [06/Dec/2025:04:21:29 +0000] "GET /detail/628791507 HTTP/1.1" 200 25277 "-" "Mozilla/5.0 (Linux; Android 6.0.1; Nexus 5X Build/MMB29P) AppleWebKit/537.36 (KHTML, like Gecko) Chrome/141.0.7390.122 Mobile Safari/537.36 (compatible; GoogleOther)"
192.178.4.100 - - [06/Dec/2025:04:21:57 +0000] "GET /detail/632665743 HTTP/1.1" 200 24301 "-" "Mozilla/5.0 (Linux; Android 6.0.1; Nexus 5X Build/MMB29P) AppleWebKit/537.36 (KHTML, like Gecko) Chrome/141.0.7390.122 Mobile Safari/537.36 (compatible; Googlebot/2.1; +http://www.google.com/bot.html)"
192.178.4.102 - - [06/Dec/2025:04:22:02 +0000] "GET /detail/621979479 HTTP/1.1" 200 24469 "-" "Mozilla/5.0 (Linux; Android 6.0.1; Nexus 5X Build/MMB29P) AppleWebKit/537.36 (KHTML, like Gecko) Chrome/141.0.7390.122 Mobile Safari/537.36 (compatible; Googlebot/2.1; +http://www.google.com/bot.html)"
192.178.4.101 - - [06/Dec/2025:04:22:07 +0000] "GET /detail/634887243 HTTP/1.1" 200 24855 "-" "Mozilla/5.0 (Linux; Android 6.0.1; Nexus 5X Build/MMB29P) AppleWebKit/537.36 (KHTML, like Gecko) Chrome/141.0.7390.122 Mobile Safari/537.36 (compatible; Googlebot/2.1; +http://www.google.com/bot.html)"
192.178.4.101 - - [06/Dec/2025:04:24:09 +0000] "GET /detail/649949883 HTTP/1.1" 200 23937 "-" "Mozilla/5.0 (Linux; Android 6.0.1; Nexus 5X Build/MMB29P) AppleWebKit/537.36 (KHTML, like Gecko) Chrome/141.0.7390.122 Mobile Safari/537.36 (compatible; Googlebot/2.1; +http://www.google.com/bot.html)"
192.178.4.100 - - [06/Dec/2025:04:24:45 +0000] "GET /detail/633282327 HTTP/1.1" 200 24302 "-" "Mozilla/5.0 (Linux; Android 6.0.1; Nexus 5X Build/MMB29P) AppleWebKit/537.36 (KHTML, like Gecko) Chrome/141.0.7390.122 Mobile Safari/537.36 (compatible; GoogleOther)"
192.178.4.101 - - [06/Dec/2025:04:25:18 +0000] "GET /detail/625126755 HTTP/1.1" 200 24276 "-" "Mozilla/5.0 (Linux; Android 6.0.1; Nexus 5X Build/MMB29P) AppleWebKit/537.36 (KHTML, like Gecko) Chrome/141.0.7390.122 Mobile Safari/537.36 (compatible; Googlebot/2.1; +http://www.google.com/bot.html)"
73.24.197.226 - - [06/Dec/2025:04:25:40 +0000] "GET /detail/639655707 HTTP/2" 200 0 "-" "Mozilla/5.0 (iPhone; CPU iPhone OS 18_6_2 like Mac OS X) AppleWebKit/605.1.15 (KHTML, like Gecko) Version/18.6 Mobile/15E148 Safari/604.1"
192.178.4.101 - - [06/Dec/2025:04:26:16 +0000] "GET /detail/625718535 HTTP/1.1" 200 25063 "-" "Mozilla/5.0 (Linux; Android 6.0.1; Nexus 5X Build/MMB29P) AppleWebKit/537.36 (KHTML, like Gecko) Chrome/141.0.7390.122 Mobile Safari/537.36 (compatible; Googlebot/2.1; +http://www.google.com/bot.html)"
192.178.4.101 - - [06/Dec/2025:04:24:13 +0000] "GET /detail/640858563 HTTP/1.1" 200 23848 "-" "Mozilla/5.0 (Linux; Android 6.0.1; Nexus 5X Build/MMB29P) AppleWebKit/537.36 (KHTML, like Gecko) Chrome/141.0.7390.122 Mobile Safari/537.36 (compatible; Googlebot/2.1; +http://www.google.com/bot.html)"
192.178.4.100 - - [06/Dec/2025:04:24:41 +0000] "GET /detail/628473171 HTTP/1.1" 200 24356 "-" "Mozilla/5.0 (Linux; Android 6.0.1; Nexus 5X Build/MMB29P) AppleWebKit/537.36 (KHTML, like Gecko) Chrome/141.0.7390.122 Mobile Safari/537.36 (compatible; Googlebot/2.1; +http://www.google.com/bot.html)"
192.178.4.102 - - [06/Dec/2025:04:25:09 +0000] "GET /detail/650845719 HTTP/1.1" 200 24928 "-" "Mozilla/5.0 (Linux; Android 6.0.1; Nexus 5X Build/MMB29P) AppleWebKit/537.36 (KHTML, like Gecko) Chrome/141.0.7390.122 Mobile Safari/537.36 (compatible; Googlebot/2.1; +http://www.google.com/bot.html)"
192.178.4.100 - - [06/Dec/2025:04:25:22 +0000] "GET /detail/620225499 HTTP/1.1" 200 24664 "-" "Mozilla/5.0 (Linux; Android 6.0.1; Nexus 5X Build/MMB29P) AppleWebKit/537.36 (KHTML, like Gecko) Chrome/141.0.7390.122 Mobile Safari/537.36 (compatible; Googlebot/2.1; +http://www.google.com/bot.html)"
67.205.163.21 - - [06/Dec/2025:04:26:11 +0000] "GET / HTTP/1.1" 200 12400 "-" "Mozilla/5.0 (X11; Linux x86_64) AppleWebKit/537.36 (KHTML, like Gecko) Chrome/55.0.2883.87 Safari/537.36"
5.223.48.87 - - [06/Dec/2025:04:26:20 +0000] "POST /wp-cron.php?doing_wp_cron=1764995179.4353289604187011718750 HTTP/1.1" 200 0 "-" "WordPress/6.9; https://devfahim.site"
67.205.163.21 - - [06/Dec/2025:04:26:17 +0000] "GET / HTTP/1.1" 200 14604 "-" "Mozilla/5.0 (X11; Linux x86_64) AppleWebKit/537.36 (KHTML, like Gecko) Chrome/55.0.2883.87 Safari/537.36"
192.178.4.101 - - [06/Dec/2025:04:26:33 +0000] "GET /detail/640689375 HTTP/1.1" 200 24067 "-" "Mozilla/5.0 (Linux; Android 6.0.1; Nexus 5X Build/MMB29P) AppleWebKit/537.36 (KHTML, like Gecko) Chrome/141.0.7390.122 Mobile Safari/537.36 (compatible; Googlebot/2.1; +http://www.google.com/bot.html)"
192.178.4.100 - - [06/Dec/2025:04:27:16 +0000] "GET /detail/631471311 HTTP/1.1" 200 25043 "-" "Mozilla/5.0 (Linux; Android 6.0.1; Nexus 5X Build/MMB29P) AppleWebKit/537.36 (KHTML, like Gecko) Chrome/141.0.7390.122 Mobile Safari/537.36 (compatible; Googlebot/2.1; +http://www.google.com/bot.html)"
44.234.126.125 - - [06/Dec/2025:04:27:57 +0000] "GET /debug.log HTTP/1.1" 200 16397 "-" "python-httpx/0.27.0"
192.178.4.100 - - [06/Dec/2025:04:27:53 +0000] "GET /detail/624619563 HTTP/1.1" 200 25153 "-" "Mozilla/5.0 (Linux; Android 6.0.1; Nexus 5X Build/MMB29P) AppleWebKit/537.36 (KHTML, like Gecko) Chrome/141.0.7390.122 Mobile Safari/537.36 (compatible; Googlebot/2.1; +http://www.google.com/bot.html)"
44.234.126.125 - - [06/Dec/2025:04:28:01 +0000] "GET /.env.production HTTP/1.1" 200 16425 "-" "python-httpx/0.27.0"
44.234.126.125 - - [06/Dec/2025:04:28:03 +0000] "GET /phpinfo.php HTTP/1.1" 200 16425 "-" "python-httpx/0.27.0"
44.234.126.125 - - [06/Dec/2025:04:28:05 +0000] "GET /info.php HTTP/1.1" 200 16425 "-" "python-httpx/0.27.0"
44.234.126.125 - - [06/Dec/2025:04:28:10 +0000] "GET /.env.save HTTP/1.1" 200 16425 "-" "python-httpx/0.27.0"
44.234.126.125 - - [06/Dec/2025:04:28:19 +0000] "GET /Dockerfile HTTP/1.1" 200 16425 "-" "python-httpx/0.27.0"
44.234.126.125 - - [06/Dec/2025:04:28:27 +0000] "GET /.env.development HTTP/1.1" 200 16425 "-" "python-httpx/0.27.0"
44.234.126.125 - - [06/Dec/2025:04:28:30 +0000] "GET /pi.php HTTP/1.1" 200 16397 "-" "python-httpx/0.27.0"
44.234.126.125 - - [06/Dec/2025:04:28:31 +0000] "GET /_profiler/phpinfo HTTP/1.1" 200 16397 "-" "python-httpx/0.27.0"
192.178.4.100 - - [06/Dec/2025:04:28:38 +0000] "GET /detail/642180411 HTTP/1.1" 200 24377 "-" "Mozilla/5.0 (Linux; Android 6.0.1; Nexus 5X Build/MMB29P) AppleWebKit/537.36 (KHTML, like Gecko) Chrome/141.0.7390.122 Mobile Safari/537.36 (compatible; Googlebot/2.1; +http://www.google.com/bot.html)"
44.234.126.125 - - [06/Dec/2025:04:28:46 +0000] "GET /server.php HTTP/1.1" 200 16397 "-" "python-httpx/0.27.0"
192.178.4.101 - - [06/Dec/2025:04:26:20 +0000] "GET /detail/636152307 HTTP/1.1" 200 24249 "-" "Mozilla/5.0 (Linux; Android 6.0.1; Nexus 5X Build/MMB29P) AppleWebKit/537.36 (KHTML, like Gecko) Chrome/141.0.7390.122 Mobile Safari/537.36 (compatible; Googlebot/2.1; +http://www.google.com/bot.html)"
192.178.4.100 - - [06/Dec/2025:04:26:48 +0000] "GET /detail/630442659 HTTP/1.1" 200 24406 "-" "Mozilla/5.0 (Linux; Android 6.0.1; Nexus 5X Build/MMB29P) AppleWebKit/537.36 (KHTML, like Gecko) Chrome/141.0.7390.122 Mobile Safari/537.36 (compatible; Googlebot/2.1; +http://www.google.com/bot.html)"
192.178.4.100 - - [06/Dec/2025:04:27:34 +0000] "GET /detail/648483447 HTTP/1.1" 200 24355 "-" "Mozilla/5.0 (Linux; Android 6.0.1; Nexus 5X Build/MMB29P) AppleWebKit/537.36 (KHTML, like Gecko) Chrome/141.0.7390.122 Mobile Safari/537.36 (compatible; Googlebot/2.1; +http://www.google.com/bot.html)"
5.223.48.87 - - [06/Dec/2025:04:27:47 +0000] "POST /wp-cron.php?doing_wp_cron=1764995267.0468881130218505859375 HTTP/1.1" 200 0 "-" "WordPress/6.9; https://devfahim.site"
44.234.126.125 - - [06/Dec/2025:04:27:46 +0000] "GET /.env HTTP/1.1" 200 16425 "-" "python-httpx/0.27.0"
44.234.126.125 - - [06/Dec/2025:04:27:47 +0000] "GET /error.log HTTP/1.1" 200 16425 "-" "python-httpx/0.27.0"
44.234.126.125 - - [06/Dec/2025:04:27:49 +0000] "GET /phpinfo HTTP/1.1" 200 16397 "-" "python-httpx/0.27.0"
44.234.126.125 - - [06/Dec/2025:04:27:51 +0000] "GET /storage/logs/laravel.log HTTP/1.1" 200 16425 "-" "python-httpx/0.27.0"
44.234.126.125 - - [06/Dec/2025:04:27:52 +0000] "GET /database.sql HTTP/1.1" 200 16397 "-" "python-httpx/0.27.0"
44.234.126.125 - - [06/Dec/2025:04:27:54 +0000] "GET /backup.sql HTTP/1.1" 200 16397 "-" "python-httpx/0.27.0"
44.234.126.125 - - [06/Dec/2025:04:27:58 +0000] "GET /auth.json HTTP/1.1" 200 16397 "-" "python-httpx/0.27.0"
44.234.126.125 - - [06/Dec/2025:04:28:00 +0000] "GET /dump.sql HTTP/1.1" 200 16425 "-" "python-httpx/0.27.0"
44.234.126.125 - - [06/Dec/2025:04:28:07 +0000] "GET /.env.local HTTP/1.1" 200 16425 "-" "python-httpx/0.27.0"
44.234.126.125 - - [06/Dec/2025:04:28:09 +0000] "GET /test.php HTTP/1.1" 200 16397 "-" "python-httpx/0.27.0"
44.234.126.125 - - [06/Dec/2025:04:28:12 +0000] "GET /db_backup.sql HTTP/1.1" 200 16425 "-" "python-httpx/0.27.0"
44.234.126.125 - - [06/Dec/2025:04:28:14 +0000] "GET /_debug HTTP/1.1" 200 16425 "-" "python-httpx/0.27.0"
44.234.126.125 - - [06/Dec/2025:04:28:16 +0000] "GET /backup.zip HTTP/1.1" 200 16425 "-" "python-httpx/0.27.0"
44.234.126.125 - - [06/Dec/2025:04:28:20 +0000] "GET /.env.old HTTP/1.1" 200 16425 "-" "python-httpx/0.27.0"
44.234.126.125 - - [06/Dec/2025:04:28:22 +0000] "GET /.env.sample HTTP/1.1" 200 16397 "-" "python-httpx/0.27.0"
44.234.126.125 - - [06/Dec/2025:04:28:24 +0000] "GET /var/www/html/error_log HTTP/1.1" 200 16397 "-" "python-httpx/0.27.0"
44.234.126.125 - - [06/Dec/2025:04:28:25 +0000] "GET /api/config HTTP/1.1" 200 16425 "-" "python-httpx/0.27.0"
44.234.126.125 - - [06/Dec/2025:04:28:33 +0000] "GET /docker-compose.yml HTTP/1.1" 200 16425 "-" "python-httpx/0.27.0"
44.234.126.125 - - [06/Dec/2025:04:28:35 +0000] "GET /aws-config.json HTTP/1.1" 200 16425 "-" "python-httpx/0.27.0"
44.234.126.125 - - [06/Dec/2025:04:28:36 +0000] "GET /.env.dev.local HTTP/1.1" 200 16425 "-" "python-httpx/0.27.0"
44.234.126.125 - - [06/Dec/2025:04:28:38 +0000] "GET /.env.prod.local HTTP/1.1" 200 16425 "-" "python-httpx/0.27.0"
44.234.126.125 - - [06/Dec/2025:04:28:40 +0000] "GET /.env.1 HTTP/1.1" 200 16397 "-" "python-httpx/0.27.0"
44.234.126.125 - - [06/Dec/2025:04:28:42 +0000] "GET /.env.backup HTTP/1.1" 200 16425 "-" "python-httpx/0.27.0"
44.234.126.125 - - [06/Dec/2025:04:28:45 +0000] "GET /.env.test HTTP/1.1" 200 16425 "-" "python-httpx/0.27.0"
44.234.126.125 - - [06/Dec/2025:04:28:49 +0000] "GET /api/v1/config HTTP/1.1" 200 16425 "-" "python-httpx/0.27.0"
44.234.126.125 - - [06/Dec/2025:04:28:52 +0000] "GET /app/etc/local.xml HTTP/1.1" 200 16425 "-" "python-httpx/0.27.0"
192.178.4.100 - - [06/Dec/2025:04:28:42 +0000] "GET /detail/642017331 HTTP/1.1" 200 23969 "-" "Mozilla/5.0 (Linux; Android 6.0.1; Nexus 5X Build/MMB29P) AppleWebKit/537.36 (KHTML, like Gecko) Chrome/141.0.7390.122 Mobile Safari/537.36 (compatible; Googlebot/2.1; +http://www.google.com/bot.html)"
44.234.126.125 - - [06/Dec/2025:04:28:50 +0000] "GET /php_error.log HTTP/1.1" 200 16425 "-" "python-httpx/0.27.0"
44.234.126.125 - - [06/Dec/2025:04:28:54 +0000] "GET /configuration.php HTTP/1.1" 200 16425 "-" "python-httpx/0.27.0"
44.234.126.125 - - [06/Dec/2025:04:28:55 +0000] "GET /sites/default/settings.php HTTP/1.1" 200 16397 "-" "python-httpx/0.27.0"
44.234.126.125 - - [06/Dec/2025:04:28:59 +0000] "GET /config.zip HTTP/1.1" 200 16425 "-" "python-httpx/0.27.0"
44.234.126.125 - - [06/Dec/2025:04:29:02 +0000] "GET /aws.json HTTP/1.1" 200 16425 "-" "python-httpx/0.27.0"
44.234.126.125 - - [06/Dec/2025:04:29:08 +0000] "GET /php.php HTTP/1.1" 200 16425 "-" "python-httpx/0.27.0"
44.234.126.125 - - [06/Dec/2025:04:29:10 +0000] "GET /errors.log HTTP/1.1" 200 16425 "-" "python-httpx/0.27.0"
44.234.126.125 - - [06/Dec/2025:04:29:12 +0000] "GET /app/etc/env.php HTTP/1.1" 200 16397 "-" "python-httpx/0.27.0"
44.234.126.125 - - [06/Dec/2025:04:29:23 +0000] "GET /backup.tar.gz HTTP/1.1" 200 16425 "-" "python-httpx/0.27.0"
44.234.126.125 - - [06/Dec/2025:04:29:25 +0000] "GET /k8s-config.yml HTTP/1.1" 200 16425 "-" "python-httpx/0.27.0"
44.234.126.125 - - [06/Dec/2025:04:29:26 +0000] "GET /kubernetes.yml HTTP/1.1" 200 16425 "-" "python-httpx/0.27.0"
44.234.126.125 - - [06/Dec/2025:04:29:28 +0000] "GET /.dockerignore HTTP/1.1" 200 16425 "-" "python-httpx/0.27.0"
44.234.126.125 - - [06/Dec/2025:04:29:30 +0000] "GET /.docker/config.json HTTP/1.1" 200 16397 "-" "python-httpx/0.27.0"
44.234.126.125 - - [06/Dec/2025:04:29:33 +0000] "GET /docker-compose.override.yml HTTP/1.1" 200 16397 "-" "python-httpx/0.27.0"
44.234.126.125 - - [06/Dec/2025:04:29:35 +0000] "GET /docker-compose.yaml HTTP/1.1" 200 16425 "-" "python-httpx/0.27.0"
44.234.126.125 - - [06/Dec/2025:04:29:37 +0000] "GET /.well-known/security.txt HTTP/1.1" 200 16425 "-" "python-httpx/0.27.0"
44.234.126.125 - - [06/Dec/2025:04:29:41 +0000] "GET /.secrets HTTP/1.1" 200 16425 "-" "python-httpx/0.27.0"
44.234.126.125 - - [06/Dec/2025:04:29:49 +0000] "GET /.api_keys HTTP/1.1" 200 16425 "-" "python-httpx/0.27.0"
192.178.4.100 - - [06/Dec/2025:04:29:46 +0000] "GET /detail/636457587 HTTP/1.1" 200 24212 "-" "Mozilla/5.0 (Linux; Android 6.0.1; Nexus 5X Build/MMB29P) AppleWebKit/537.36 (KHTML, like Gecko) Chrome/141.0.7390.122 Mobile Safari/537.36 (compatible; Googlebot/2.1; +http://www.google.com/bot.html)"
44.234.126.125 - - [06/Dec/2025:04:29:52 +0000] "GET /api_keys.json HTTP/1.1" 200 16397 "-" "python-httpx/0.27.0"
44.234.126.125 - - [06/Dec/2025:04:29:54 +0000] "GET /secrets.yml HTTP/1.1" 200 16425 "-" "python-httpx/0.27.0"
44.234.126.125 - - [06/Dec/2025:04:30:03 +0000] "GET /.gcloud/credentials HTTP/1.1" 200 16397 "-" "python-httpx/0.27.0"
44.234.126.125 - - [06/Dec/2025:04:30:06 +0000] "GET /.s3cfg HTTP/1.1" 200 16397 "-" "python-httpx/0.27.0"
44.234.126.125 - - [06/Dec/2025:04:30:08 +0000] "GET /.aws/config HTTP/1.1" 200 16425 "-" "python-httpx/0.27.0"
44.234.126.125 - - [06/Dec/2025:04:30:09 +0000] "GET /.env.2 HTTP/1.1" 200 16425 "-" "python-httpx/0.27.0"
44.234.126.125 - - [06/Dec/2025:04:30:11 +0000] "GET /.env.staging HTTP/1.1" 200 16425 "-" "python-httpx/0.27.0"
44.234.126.125 - - [06/Dec/2025:04:30:13 +0000] "GET /.env.remote HTTP/1.1" 200 16397 "-" "python-httpx/0.27.0"
44.234.126.125 - - [06/Dec/2025:04:30:14 +0000] "GET /testphp.php HTTP/1.1" 200 16397 "-" "python-httpx/0.27.0"
44.234.126.125 - - [06/Dec/2025:04:30:16 +0000] "GET /infophp.php HTTP/1.1" 200 16397 "-" "python-httpx/0.27.0"
44.234.126.125 - - [06/Dec/2025:04:30:17 +0000] "GET /php-info.php HTTP/1.1" 200 16397 "-" "python-httpx/0.27.0"
44.234.126.125 - - [06/Dec/2025:04:30:22 +0000] "GET /p.php HTTP/1.1" 200 16425 "-" "python-httpx/0.27.0"
44.234.126.125 - - [06/Dec/2025:04:30:24 +0000] "GET /3.php HTTP/1.1" 200 16425 "-" "python-httpx/0.27.0"
44.234.126.125 - - [06/Dec/2025:04:30:29 +0000] "GET /probe.php HTTP/1.1" 200 16397 "-" "python-httpx/0.27.0"
44.234.126.125 - - [06/Dec/2025:04:30:30 +0000] "GET /check.php HTTP/1.1" 200 16425 "-" "python-httpx/0.27.0"
44.234.126.125 - - [06/Dec/2025:04:30:32 +0000] "GET /phptest.php HTTP/1.1" 200 16425 "-" "python-httpx/0.27.0"
44.234.126.125 - - [06/Dec/2025:04:30:34 +0000] "GET /diagnostic.php HTTP/1.1" 200 16425 "-" "python-httpx/0.27.0"
44.234.126.125 - - [06/Dec/2025:04:30:35 +0000] "GET /debug.php HTTP/1.1" 200 16397 "-" "python-httpx/0.27.0"
44.234.126.125 - - [06/Dec/2025:04:30:37 +0000] "GET /serverinfo.php HTTP/1.1" 200 16425 "-" "python-httpx/0.27.0"
44.234.126.125 - - [06/Dec/2025:04:28:57 +0000] "GET /.DS_Store HTTP/1.1" 200 16397 "-" "python-httpx/0.27.0"
44.234.126.125 - - [06/Dec/2025:04:29:00 +0000] "GET /security.txt HTTP/1.1" 200 16425 "-" "python-httpx/0.27.0"
44.234.126.125 - - [06/Dec/2025:04:29:04 +0000] "GET /.aws/credentials HTTP/1.1" 200 16397 "-" "python-httpx/0.27.0"
44.234.126.125 - - [06/Dec/2025:04:29:05 +0000] "GET /.env.bak HTTP/1.1" 200 16425 "-" "python-httpx/0.27.0"
44.234.126.125 - - [06/Dec/2025:04:29:07 +0000] "GET /i.php HTTP/1.1" 200 16425 "-" "python-httpx/0.27.0"
44.234.126.125 - - [06/Dec/2025:04:29:14 +0000] "GET /logs/application.log HTTP/1.1" 200 16425 "-" "python-httpx/0.27.0"
44.234.126.125 - - [06/Dec/2025:04:29:16 +0000] "GET /app/logs/dev.log HTTP/1.1" 200 16397 "-" "python-httpx/0.27.0"
44.234.126.125 - - [06/Dec/2025:04:29:18 +0000] "GET /app/logs/prod.log HTTP/1.1" 200 16397 "-" "python-httpx/0.27.0"
44.234.126.125 - - [06/Dec/2025:04:29:20 +0000] "GET /Thumbs.db HTTP/1.1" 200 16397 "-" "python-httpx/0.27.0"
44.234.126.125 - - [06/Dec/2025:04:29:22 +0000] "GET /site-backup.zip HTTP/1.1" 200 16397 "-" "python-httpx/0.27.0"
44.234.126.125 - - [06/Dec/2025:04:29:31 +0000] "GET /.dockerenv HTTP/1.1" 200 16397 "-" "python-httpx/0.27.0"
44.234.126.125 - - [06/Dec/2025:04:29:39 +0000] "GET /api/v2/config HTTP/1.1" 200 16425 "-" "python-httpx/0.27.0"
192.178.4.100 - - [06/Dec/2025:04:29:30 +0000] "GET /detail/644050119 HTTP/1.1" 200 24659 "-" "Mozilla/5.0 (Linux; Android 6.0.1; Nexus 5X Build/MMB29P) AppleWebKit/537.36 (KHTML, like Gecko) Chrome/141.0.7390.122 Mobile Safari/537.36 (compatible; Googlebot/2.1; +http://www.google.com/bot.html)"
44.234.126.125 - - [06/Dec/2025:04:29:42 +0000] "GET /oauth.json HTTP/1.1" 200 16397 "-" "python-httpx/0.27.0"
44.234.126.125 - - [06/Dec/2025:04:29:44 +0000] "GET /tokens.json HTTP/1.1" 200 16425 "-" "python-httpx/0.27.0"
44.234.126.125 - - [06/Dec/2025:04:29:46 +0000] "GET /keys.json HTTP/1.1" 200 16397 "-" "python-httpx/0.27.0"
44.234.126.125 - - [06/Dec/2025:04:29:47 +0000] "GET /credentials.json HTTP/1.1" 200 16397 "-" "python-httpx/0.27.0"
44.234.126.125 - - [06/Dec/2025:04:29:51 +0000] "GET /apikeys.json HTTP/1.1" 200 16397 "-" "python-httpx/0.27.0"
44.234.126.125 - - [06/Dec/2025:04:29:55 +0000] "GET /secrets.json HTTP/1.1" 200 16425 "-" "python-httpx/0.27.0"
44.234.126.125 - - [06/Dec/2025:04:29:57 +0000] "GET /.azure/credentials HTTP/1.1" 200 16397 "-" "python-httpx/0.27.0"
44.234.126.125 - - [06/Dec/2025:04:29:59 +0000] "GET /azure.json HTTP/1.1" 200 16425 "-" "python-httpx/0.27.0"
44.234.126.125 - - [06/Dec/2025:04:30:00 +0000] "GET /gcp-credentials.json HTTP/1.1" 200 16397 "-" "python-httpx/0.27.0"
44.234.126.125 - - [06/Dec/2025:04:30:04 +0000] "GET /s3.yml HTTP/1.1" 200 16397 "-" "python-httpx/0.27.0"
44.234.126.125 - - [06/Dec/2025:04:30:19 +0000] "GET /info_php.php HTTP/1.1" 200 16425 "-" "python-httpx/0.27.0"
44.234.126.125 - - [06/Dec/2025:04:30:21 +0000] "GET /t.php HTTP/1.1" 200 16397 "-" "python-httpx/0.27.0"
44.234.126.125 - - [06/Dec/2025:04:30:26 +0000] "GET /2.php HTTP/1.1" 200 16397 "-" "python-httpx/0.27.0"
44.234.126.125 - - [06/Dec/2025:04:30:27 +0000] "GET /1.php HTTP/1.1" 200 16397 "-" "python-httpx/0.27.0"
44.234.126.125 - - [06/Dec/2025:04:30:39 +0000] "GET /phpversion.php HTTP/1.1" 200 16425 "-" "python-httpx/0.27.0"
44.234.126.125 - - [06/Dec/2025:04:30:40 +0000] "GET /info3.php HTTP/1.1" 200 16397 "-" "python-httpx/0.27.0"
44.234.126.125 - - [06/Dec/2025:04:30:42 +0000] "GET /info2.php HTTP/1.1" 200 16425 "-" "python-httpx/0.27.0"
44.234.126.125 - - [06/Dec/2025:04:30:45 +0000] "GET /php_info.php HTTP/1.1" 200 16397 "-" "python-httpx/0.27.0"
44.234.126.125 - - [06/Dec/2025:04:30:47 +0000] "GET /php_version.php HTTP/1.1" 200 16397 "-" "python-httpx/0.27.0"
192.178.4.100 - - [06/Dec/2025:04:33:31 +0000] "GET /detail/630218595 HTTP/1.1" 200 23869 "-" "Mozilla/5.0 (Linux; Android 6.0.1; Nexus 5X Build/MMB29P) AppleWebKit/537.36 (KHTML, like Gecko) Chrome/141.0.7390.122 Mobile Safari/537.36 (compatible; Googlebot/2.1; +http://www.google.com/bot.html)"
192.178.4.100 - - [06/Dec/2025:04:33:53 +0000] "GET /detail/638758659 HTTP/1.1" 200 23860 "-" "Mozilla/5.0 (Linux; Android 6.0.1; Nexus 5X Build/MMB29P) AppleWebKit/537.36 (KHTML, like Gecko) Chrome/141.0.7390.122 Mobile Safari/537.36 (compatible; Googlebot/2.1; +http://www.google.com/bot.html)"
192.178.4.100 - - [06/Dec/2025:04:34:12 +0000] "GET /detail/626665419 HTTP/1.1" 200 24146 "-" "Mozilla/5.0 (Linux; Android 6.0.1; Nexus 5X Build/MMB29P) AppleWebKit/537.36 (KHTML, like Gecko) Chrome/141.0.7390.122 Mobile Safari/537.36 (compatible; Googlebot/2.1; +http://www.google.com/bot.html)"
192.178.4.100 - - [06/Dec/2025:04:34:26 +0000] "GET /detail/626661219 HTTP/1.1" 200 24397 "-" "Mozilla/5.0 (Linux; Android 6.0.1; Nexus 5X Build/MMB29P) AppleWebKit/537.36 (KHTML, like Gecko) Chrome/141.0.7390.122 Mobile Safari/537.36 (compatible; Googlebot/2.1; +http://www.google.com/bot.html)"
192.178.4.100 - - [06/Dec/2025:04:34:51 +0000] "GET /detail/651870735 HTTP/1.1" 200 24256 "-" "Mozilla/5.0 (Linux; Android 6.0.1; Nexus 5X Build/MMB29P) AppleWebKit/537.36 (KHTML, like Gecko) Chrome/141.0.7390.122 Mobile Safari/537.36 (compatible; Googlebot/2.1; +http://www.google.com/bot.html)"
192.178.4.100 - - [06/Dec/2025:04:35:25 +0000] "GET /detail/641498931 HTTP/1.1" 200 24420 "-" "Mozilla/5.0 (Linux; Android 6.0.1; Nexus 5X Build/MMB29P) AppleWebKit/537.36 (KHTML, like Gecko) Chrome/141.0.7390.122 Mobile Safari/537.36 (compatible; Googlebot/2.1; +http://www.google.com/bot.html)"
192.178.4.100 - - [06/Dec/2025:04:35:50 +0000] "GET /detail/646855011 HTTP/1.1" 200 24642 "-" "Mozilla/5.0 (Linux; Android 6.0.1; Nexus 5X Build/MMB29P) AppleWebKit/537.36 (KHTML, like Gecko) Chrome/141.0.7390.122 Mobile Safari/537.36 (compatible; Googlebot/2.1; +http://www.google.com/bot.html)"
192.178.4.101 - - [06/Dec/2025:04:36:00 +0000] "GET /detail/628752099 HTTP/1.1" 200 24084 "-" "Mozilla/5.0 (Linux; Android 6.0.1; Nexus 5X Build/MMB29P) AppleWebKit/537.36 (KHTML, like Gecko) Chrome/141.0.7390.122 Mobile Safari/537.36 (compatible; Googlebot/2.1; +http://www.google.com/bot.html)"
192.178.4.101 - - [06/Dec/2025:04:36:03 +0000] "GET /detail/646703247 HTTP/1.1" 200 23863 "-" "Mozilla/5.0 (Linux; Android 6.0.1; Nexus 5X Build/MMB29P) AppleWebKit/537.36 (KHTML, like Gecko) Chrome/141.0.7390.122 Mobile Safari/537.36 (compatible; Googlebot/2.1; +http://www.google.com/bot.html)"
192.178.4.101 - - [06/Dec/2025:04:36:07 +0000] "GET /detail/630827811 HTTP/1.1" 200 24266 "-" "Mozilla/5.0 (Linux; Android 6.0.1; Nexus 5X Build/MMB29P) AppleWebKit/537.36 (KHTML, like Gecko) Chrome/141.0.7390.122 Mobile Safari/537.36 (compatible; Googlebot/2.1; +http://www.google.com/bot.html)"
192.178.4.100 - - [06/Dec/2025:04:36:34 +0000] "GET /detail/639255291 HTTP/1.1" 200 0 "-" "Mozilla/5.0 (Linux; Android 6.0.1; Nexus 5X Build/MMB29P) AppleWebKit/537.36 (KHTML, like Gecko) Chrome/141.0.7390.122 Mobile Safari/537.36 (compatible; Googlebot/2.1; +http://www.google.com/bot.html)"
192.178.4.100 - - [06/Dec/2025:04:36:49 +0000] "GET /detail/641396199 HTTP/1.1" 200 23826 "-" "Mozilla/5.0 (Linux; Android 6.0.1; Nexus 5X Build/MMB29P) AppleWebKit/537.36 (KHTML, like Gecko) Chrome/141.0.7390.122 Mobile Safari/537.36 (compatible; Googlebot/2.1; +http://www.google.com/bot.html)"
44.234.126.125 - - [06/Dec/2025:04:30:44 +0000] "GET /info1.php HTTP/1.1" 200 16397 "-" "python-httpx/0.27.0"
44.234.126.125 - - [06/Dec/2025:04:30:48 +0000] "GET / HTTP/1.1" 200 14604 "-" "Mozilla/5.0 (Windows NT 10.0; Win64; x64) Chrome/91.0.4472.124"
192.178.4.100 - - [06/Dec/2025:04:31:35 +0000] "GET /detail/636646011 HTTP/1.1" 200 24631 "-" "Mozilla/5.0 (Linux; Android 6.0.1; Nexus 5X Build/MMB29P) AppleWebKit/537.36 (KHTML, like Gecko) Chrome/141.0.7390.122 Mobile Safari/537.36 (compatible; GoogleOther)"
192.178.4.100 - - [06/Dec/2025:04:33:02 +0000] "GET /detail/642580311 HTTP/1.1" 200 24412 "-" "Mozilla/5.0 (Linux; Android 6.0.1; Nexus 5X Build/MMB29P) AppleWebKit/537.36 (KHTML, like Gecko) Chrome/141.0.7390.122 Mobile Safari/537.36 (compatible; Googlebot/2.1; +http://www.google.com/bot.html)"
192.178.4.101 - - [06/Dec/2025:04:33:18 +0000] "GET /detail/648844551 HTTP/1.1" 200 24401 "-" "Mozilla/5.0 (Linux; Android 6.0.1; Nexus 5X Build/MMB29P) AppleWebKit/537.36 (KHTML, like Gecko) Chrome/141.0.7390.122 Mobile Safari/537.36 (compatible; Googlebot/2.1; +http://www.google.com/bot.html)"
192.178.4.100 - - [06/Dec/2025:04:34:42 +0000] "GET /detail/620189403 HTTP/1.1" 200 23948 "-" "Mozilla/5.0 (Linux; Android 6.0.1; Nexus 5X Build/MMB29P) AppleWebKit/537.36 (KHTML, like Gecko) Chrome/141.0.7390.122 Mobile Safari/537.36 (compatible; Googlebot/2.1; +http://www.google.com/bot.html)"
192.178.4.100 - - [06/Dec/2025:04:34:59 +0000] "GET /detail/647567967 HTTP/1.1" 200 24179 "-" "Mozilla/5.0 (Linux; Android 6.0.1; Nexus 5X Build/MMB29P) AppleWebKit/537.36 (KHTML, like Gecko) Chrome/141.0.7390.122 Mobile Safari/537.36 (compatible; Googlebot/2.1; +http://www.google.com/bot.html)"
192.178.4.100 - - [06/Dec/2025:04:35:16 +0000] "GET /detail/632794323 HTTP/1.1" 200 25082 "-" "Mozilla/5.0 (Linux; Android 6.0.1; Nexus 5X Build/MMB29P) AppleWebKit/537.36 (KHTML, like Gecko) Chrome/141.0.7390.122 Mobile Safari/537.36 (compatible; Googlebot/2.1; +http://www.google.com/bot.html)"
192.178.4.100 - - [06/Dec/2025:04:35:33 +0000] "GET /detail/639227739 HTTP/1.1" 200 24034 "-" "Mozilla/5.0 (Linux; Android 6.0.1; Nexus 5X Build/MMB29P) AppleWebKit/537.36 (KHTML, like Gecko) Chrome/141.0.7390.122 Mobile Safari/537.36 (compatible; Googlebot/2.1; +http://www.google.com/bot.html)"
192.178.4.100 - - [06/Dec/2025:04:36:15 +0000] "GET /detail/624418179 HTTP/1.1" 200 24108 "-" "Mozilla/5.0 (Linux; Android 6.0.1; Nexus 5X Build/MMB29P) AppleWebKit/537.36 (KHTML, like Gecko) Chrome/141.0.7390.122 Mobile Safari/537.36 (compatible; Googlebot/2.1; +http://www.google.com/bot.html)"
192.178.4.100 - - [06/Dec/2025:04:36:23 +0000] "GET /detail/633529383 HTTP/1.1" 200 23746 "-" "Mozilla/5.0 (Linux; Android 6.0.1; Nexus 5X Build/MMB29P) AppleWebKit/537.36 (KHTML, like Gecko) Chrome/141.0.7390.122 Mobile Safari/537.36 (compatible; Googlebot/2.1; +http://www.google.com/bot.html)"
192.178.4.100 - - [06/Dec/2025:04:36:38 +0000] "GET /detail/651248607 HTTP/1.1" 200 24234 "-" "Mozilla/5.0 (Linux; Android 6.0.1; Nexus 5X Build/MMB29P) AppleWebKit/537.36 (KHTML, like Gecko) Chrome/141.0.7390.122 Mobile Safari/537.36 (compatible; Googlebot/2.1; +http://www.google.com/bot.html)"
192.178.4.100 - - [06/Dec/2025:04:37:09 +0000] "GET /detail/651177171 HTTP/1.1" 200 23993 "-" "Mozilla/5.0 (Linux; Android 6.0.1; Nexus 5X Build/MMB29P) AppleWebKit/537.36 (KHTML, like Gecko) Chrome/141.0.7390.122 Mobile Safari/537.36 (compatible; Googlebot/2.1; +http://www.google.com/bot.html)"
192.178.4.100 - - [06/Dec/2025:04:37:17 +0000] "GET /detail/624829443 HTTP/1.1" 200 24584 "-" "Mozilla/5.0 (Linux; Android 6.0.1; Nexus 5X Build/MMB29P) AppleWebKit/537.36 (KHTML, like Gecko) Chrome/141.0.7390.122 Mobile Safari/537.36 (compatible; Googlebot/2.1; +http://www.google.com/bot.html)"
192.178.4.100 - - [06/Dec/2025:04:37:43 +0000] "GET /detail/619082883 HTTP/1.1" 200 24347 "-" "Mozilla/5.0 (Linux; Android 6.0.1; Nexus 5X Build/MMB29P) AppleWebKit/537.36 (KHTML, like Gecko) Chrome/141.0.7390.122 Mobile Safari/537.36 (compatible; Googlebot/2.1; +http://www.google.com/bot.html)"
192.178.4.100 - - [06/Dec/2025:04:37:54 +0000] "GET /detail/622567827 HTTP/1.1" 200 24064 "-" "Mozilla/5.0 (Linux; Android 6.0.1; Nexus 5X Build/MMB29P) AppleWebKit/537.36 (KHTML, like Gecko) Chrome/141.0.7390.122 Mobile Safari/537.36 (compatible; Googlebot/2.1; +http://www.google.com/bot.html)"
192.178.4.101 - - [06/Dec/2025:04:38:04 +0000] "GET /detail/636109167 HTTP/1.1" 200 24205 "-" "Mozilla/5.0 (Linux; Android 6.0.1; Nexus 5X Build/MMB29P) AppleWebKit/537.36 (KHTML, like Gecko) Chrome/141.0.7390.122 Mobile Safari/537.36 (compatible; Googlebot/2.1; +http://www.google.com/bot.html)"
192.178.4.100 - - [06/Dec/2025:04:38:11 +0000] "GET /detail/651592719 HTTP/1.1" 200 24610 "-" "Mozilla/5.0 (Linux; Android 6.0.1; Nexus 5X Build/MMB29P) AppleWebKit/537.36 (KHTML, like Gecko) Chrome/141.0.7390.122 Mobile Safari/537.36 (compatible; Googlebot/2.1; +http://www.google.com/bot.html)"
192.178.4.100 - - [06/Dec/2025:04:38:21 +0000] "GET /detail/630795171 HTTP/1.1" 200 24348 "-" "Mozilla/5.0 (Linux; Android 6.0.1; Nexus 5X Build/MMB29P) AppleWebKit/537.36 (KHTML, like Gecko) Chrome/141.0.7390.122 Mobile Safari/537.36 (compatible; Googlebot/2.1; +http://www.google.com/bot.html)"
192.178.4.100 - - [06/Dec/2025:04:38:25 +0000] "GET /detail/637631175 HTTP/1.1" 200 24352 "-" "Mozilla/5.0 (Linux; Android 6.0.1; Nexus 5X Build/MMB29P) AppleWebKit/537.36 (KHTML, like Gecko) Chrome/141.0.7390.122 Mobile Safari/537.36 (compatible; GoogleOther)"
192.178.4.100 - - [06/Dec/2025:04:38:51 +0000] "GET /detail/625413783 HTTP/1.1" 200 22611 "-" "Mozilla/5.0 (Linux; Android 6.0.1; Nexus 5X Build/MMB29P) AppleWebKit/537.36 (KHTML, like Gecko) Chrome/141.0.7390.122 Mobile Safari/537.36 (compatible; Googlebot/2.1; +http://www.google.com/bot.html)"
192.178.4.100 - - [06/Dec/2025:04:38:54 +0000] "GET /detail/628516035 HTTP/1.1" 200 24668 "-" "Mozilla/5.0 (Linux; Android 6.0.1; Nexus 5X Build/MMB29P) AppleWebKit/537.36 (KHTML, like Gecko) Chrome/141.0.7390.122 Mobile Safari/537.36 (compatible; Googlebot/2.1; +http://www.google.com/bot.html)"
192.178.4.100 - - [06/Dec/2025:04:39:07 +0000] "GET /detail/641686203 HTTP/1.1" 200 23904 "-" "Mozilla/5.0 (Linux; Android 6.0.1; Nexus 5X Build/MMB29P) AppleWebKit/537.36 (KHTML, like Gecko) Chrome/141.0.7390.122 Mobile Safari/537.36 (compatible; Googlebot/2.1; +http://www.google.com/bot.html)"
188.213.1.58 - - [06/Dec/2025:04:39:12 +0000] "GET /1225-rank118 HTTP/1.1" 200 30418 "-" "Mozilla/5.0 (compatible; Yahoo! Slurp; http://help.yahoo.com/help/us/ysearch/slurp)"
192.178.4.100 - - [06/Dec/2025:04:39:23 +0000] "GET /detail/635746959 HTTP/1.1" 200 25630 "-" "Mozilla/5.0 (Linux; Android 6.0.1; Nexus 5X Build/MMB29P) AppleWebKit/537.36 (KHTML, like Gecko) Chrome/141.0.7390.122 Mobile Safari/537.36 (compatible; Googlebot/2.1; +http://www.google.com/bot.html)"
192.178.4.100 - - [06/Dec/2025:04:39:31 +0000] "GET /detail/648570483 HTTP/1.1" 200 25280 "-" "Mozilla/5.0 (Linux; Android 6.0.1; Nexus 5X Build/MMB29P) AppleWebKit/537.36 (KHTML, like Gecko) Chrome/141.0.7390.122 Mobile Safari/537.36 (compatible; Googlebot/2.1; +http://www.google.com/bot.html)"
192.178.4.100 - - [06/Dec/2025:04:39:39 +0000] "GET /detail/629370435 HTTP/1.1" 200 24495 "-" "Mozilla/5.0 (Linux; Android 6.0.1; Nexus 5X Build/MMB29P) AppleWebKit/537.36 (KHTML, like Gecko) Chrome/141.0.7390.122 Mobile Safari/537.36 (compatible; Googlebot/2.1; +http://www.google.com/bot.html)"
192.178.4.102 - - [06/Dec/2025:04:40:03 +0000] "GET /detail/622726719 HTTP/1.1" 200 24235 "-" "Mozilla/5.0 (Linux; Android 6.0.1; Nexus 5X Build/MMB29P) AppleWebKit/537.36 (KHTML, like Gecko) Chrome/141.0.7390.122 Mobile Safari/537.36 (compatible; Googlebot/2.1; +http://www.google.com/bot.html)"
192.178.4.101 - - [06/Dec/2025:04:40:12 +0000] "GET /detail/619699131 HTTP/1.1" 200 23728 "-" "Mozilla/5.0 (Linux; Android 6.0.1; Nexus 5X Build/MMB29P) AppleWebKit/537.36 (KHTML, like Gecko) Chrome/141.0.7390.122 Mobile Safari/537.36 (compatible; Googlebot/2.1; +http://www.google.com/bot.html)"
192.178.4.100 - - [06/Dec/2025:04:40:26 +0000] "GET /detail/620563371 HTTP/1.1" 200 24073 "-" "Mozilla/5.0 (Linux; Android 6.0.1; Nexus 5X Build/MMB29P) AppleWebKit/537.36 (KHTML, like Gecko) Chrome/141.0.7390.122 Mobile Safari/537.36 (compatible; Googlebot/2.1; +http://www.google.com/bot.html)"
192.178.4.100 - - [06/Dec/2025:04:40:30 +0000] "GET /detail/652921851 HTTP/1.1" 200 24132 "-" "Mozilla/5.0 (Linux; Android 6.0.1; Nexus 5X Build/MMB29P) AppleWebKit/537.36 (KHTML, like Gecko) Chrome/141.0.7390.122 Mobile Safari/537.36 (compatible; Googlebot/2.1; +http://www.google.com/bot.html)"
192.178.4.100 - - [06/Dec/2025:04:40:35 +0000] "GET /detail/641514891 HTTP/1.1" 200 24439 "-" "Mozilla/5.0 (Linux; Android 6.0.1; Nexus 5X Build/MMB29P) AppleWebKit/537.36 (KHTML, like Gecko) Chrome/141.0.7390.122 Mobile Safari/537.36 (compatible; Googlebot/2.1; +http://www.google.com/bot.html)"
192.178.4.100 - - [06/Dec/2025:04:40:45 +0000] "GET /detail/627442023 HTTP/1.1" 200 24207 "-" "Mozilla/5.0 (Linux; Android 6.0.1; Nexus 5X Build/MMB29P) AppleWebKit/537.36 (KHTML, like Gecko) Chrome/141.0.7390.122 Mobile Safari/537.36 (compatible; Googlebot/2.1; +http://www.google.com/bot.html)"
192.178.4.100 - - [06/Dec/2025:04:40:51 +0000] "GET /detail/634960815 HTTP/1.1" 200 24765 "-" "Mozilla/5.0 (Linux; Android 6.0.1; Nexus 5X Build/MMB29P) AppleWebKit/537.36 (KHTML, like Gecko) Chrome/141.0.7390.122 Mobile Safari/537.36 (compatible; Googlebot/2.1; +http://www.google.com/bot.html)"
192.178.4.100 - - [06/Dec/2025:04:41:00 +0000] "GET /detail/638509863 HTTP/1.1" 200 24515 "-" "Mozilla/5.0 (Linux; Android 6.0.1; Nexus 5X Build/MMB29P) AppleWebKit/537.36 (KHTML, like Gecko) Chrome/141.0.7390.122 Mobile Safari/537.36 (compatible; Googlebot/2.1; +http://www.google.com/bot.html)"
192.178.4.100 - - [06/Dec/2025:04:41:15 +0000] "GET /detail/652374735 HTTP/1.1" 200 25098 "-" "Mozilla/5.0 (Linux; Android 6.0.1; Nexus 5X Build/MMB29P) AppleWebKit/537.36 (KHTML, like Gecko) Chrome/141.0.7390.122 Mobile Safari/537.36 (compatible; Googlebot/2.1; +http://www.google.com/bot.html)"
192.178.4.100 - - [06/Dec/2025:04:41:24 +0000] "GET /detail/649350087 HTTP/1.1" 200 24459 "-" "Mozilla/5.0 (Linux; Android 6.0.1; Nexus 5X Build/MMB29P) AppleWebKit/537.36 (KHTML, like Gecko) Chrome/141.0.7390.122 Mobile Safari/537.36 (compatible; Googlebot/2.1; +http://www.google.com/bot.html)"
192.178.4.100 - - [06/Dec/2025:04:41:37 +0000] "GET /detail/622372323 HTTP/1.1" 200 24684 "-" "Mozilla/5.0 (Linux; Android 6.0.1; Nexus 5X Build/MMB29P) AppleWebKit/537.36 (KHTML, like Gecko) Chrome/141.0.7390.122 Mobile Safari/537.36 (compatible; Googlebot/2.1; +http://www.google.com/bot.html)"
192.178.4.100 - - [06/Dec/2025:04:41:47 +0000] "GET /detail/643601031 HTTP/1.1" 200 24288 "-" "Mozilla/5.0 (Linux; Android 6.0.1; Nexus 5X Build/MMB29P) AppleWebKit/537.36 (KHTML, like Gecko) Chrome/141.0.7390.122 Mobile Safari/537.36 (compatible; Googlebot/2.1; +http://www.google.com/bot.html)"
192.178.4.100 - - [06/Dec/2025:04:42:10 +0000] "GET /detail/646640427 HTTP/1.1" 200 24962 "-" "Mozilla/5.0 (Linux; Android 6.0.1; Nexus 5X Build/MMB29P) AppleWebKit/537.36 (KHTML, like Gecko) Chrome/141.0.7390.122 Mobile Safari/537.36 (compatible; Googlebot/2.1; +http://www.google.com/bot.html)"
192.178.4.100 - - [06/Dec/2025:04:42:28 +0000] "GET /detail/618990651 HTTP/1.1" 200 24960 "-" "Mozilla/5.0 (Linux; Android 6.0.1; Nexus 5X Build/MMB29P) AppleWebKit/537.36 (KHTML, like Gecko) Chrome/141.0.7390.122 Mobile Safari/537.36 (compatible; Googlebot/2.1; +http://www.google.com/bot.html)"
192.178.4.100 - - [06/Dec/2025:04:42:48 +0000] "GET /detail/648998115 HTTP/1.1" 200 24598 "-" "Mozilla/5.0 (Linux; Android 6.0.1; Nexus 5X Build/MMB29P) AppleWebKit/537.36 (KHTML, like Gecko) Chrome/141.0.7390.122 Mobile Safari/537.36 (compatible; Googlebot/2.1; +http://www.google.com/bot.html)"
192.178.4.100 - - [06/Dec/2025:04:36:59 +0000] "GET /detail/648154527 HTTP/1.1" 200 24067 "-" "Mozilla/5.0 (Linux; Android 6.0.1; Nexus 5X Build/MMB29P) AppleWebKit/537.36 (KHTML, like Gecko) Chrome/141.0.7390.122 Mobile Safari/537.36 (compatible; Googlebot/2.1; +http://www.google.com/bot.html)"
